{"id":604,"date":"2022-03-02T16:03:40","date_gmt":"2022-03-02T15:03:40","guid":{"rendered":"http:\/\/appeldelaforet.bzh\/?page_id=604"},"modified":"2023-06-27T11:27:31","modified_gmt":"2023-06-27T09:27:31","slug":"evenements","status":"publish","type":"page","link":"https:\/\/appeldelaforet.bzh\/index.php\/evenements\/","title":{"rendered":"\u00c9v\u00e8nements"},"content":{"rendered":"\t\t<div data-elementor-type=\"wp-page\" data-elementor-id=\"604\" class=\"elementor elementor-604\" data-elementor-settings=\"[]\">\n\t\t\t\t\t\t\t<div class=\"elementor-section-wrap\">\n\t\t\t\t\t\t\t<section class=\"elementor-section elementor-top-section elementor-element elementor-element-2297200 elementor-section-boxed elementor-section-height-default elementor-section-height-default\" data-id=\"2297200\" data-element_type=\"section\">\n\t\t\t\t\t\t<div class=\"elementor-container elementor-column-gap-default\">\n\t\t\t\t\t<div class=\"elementor-column elementor-col-100 elementor-top-column elementor-element elementor-element-eb5667a\" data-id=\"eb5667a\" data-element_type=\"column\">\n\t\t\t<div class=\"elementor-widget-wrap elementor-element-populated\">\n\t\t\t\t\t\t\t\t<div class=\"elementor-element elementor-element-66e4841 elementor-widget elementor-widget-heading\" data-id=\"66e4841\" data-element_type=\"widget\" data-widget_type=\"heading.default\">\n\t\t\t\t<div class=\"elementor-widget-container\">\n\t\t\t<h2 class=\"elementor-heading-title elementor-size-default\">Festival Nuits des for\u00eats<\/h2>\t\t<\/div>\n\t\t\t\t<\/div>\n\t\t\t\t<div class=\"elementor-element elementor-element-ef15cf8 elementor-aspect-ratio-219 elementor-widget elementor-widget-video\" data-id=\"ef15cf8\" data-element_type=\"widget\" data-settings=\"{&quot;youtube_url&quot;:&quot;https:\\\/\\\/www.youtube.com\\\/watch?v=dwXjXjBm0mo&quot;,&quot;aspect_ratio&quot;:&quot;219&quot;,&quot;video_type&quot;:&quot;youtube&quot;,&quot;controls&quot;:&quot;yes&quot;}\" data-widget_type=\"video.default\">\n\t\t\t\t<div class=\"elementor-widget-container\">\n\t\t\t\t\t<div class=\"elementor-wrapper elementor-fit-aspect-ratio elementor-open-inline\">\n\t\t\t<div class=\"elementor-video\"><\/div>\t\t<\/div>\n\t\t\t\t<\/div>\n\t\t\t\t<\/div>\n\t\t\t\t\t<\/div>\n\t\t<\/div>\n\t\t\t\t\t\t\t<\/div>\n\t\t<\/section>\n\t\t\t\t<section class=\"elementor-section elementor-top-section elementor-element elementor-element-2db1462 elementor-section-boxed elementor-section-height-default elementor-section-height-default\" data-id=\"2db1462\" data-element_type=\"section\">\n\t\t\t\t\t\t<div class=\"elementor-container elementor-column-gap-default\">\n\t\t\t\t\t<div class=\"elementor-column elementor-col-50 elementor-top-column elementor-element elementor-element-d05c2c8\" data-id=\"d05c2c8\" data-element_type=\"column\">\n\t\t\t<div class=\"elementor-widget-wrap elementor-element-populated\">\n\t\t\t\t\t\t\t\t<div class=\"elementor-element elementor-element-c8a11e2 elementor-widget elementor-widget-text-editor\" data-id=\"c8a11e2\" data-element_type=\"widget\" data-widget_type=\"text-editor.default\">\n\t\t\t\t<div class=\"elementor-widget-container\">\n\t\t\t\t\t\t\t<h4><strong>Samedi 18 juin 2022<br \/>Parcours artistique &#8220;Les petits monstres&#8221;<br \/><\/strong><\/h4><p>Avec la participation des stagiaires dans le cadre du <strong>programme PRISME<\/strong> (organisme de formation de Rennes)<\/p><p>Les jeunes de 16 \u00e0 25 ans ont eu la possibilit\u00e9 pendant 4 mois de d\u00e9couvrir et d\u2019exp\u00e9rimenter la grimpe d\u2019arbre d\u2019une mani\u00e8re sensible avec l\u2019appui de Laetitia Lanoe, danseuse et chor\u00e9graphe.<\/p><p>Cette exp\u00e9rience a \u00e9t\u00e9 l\u2019occasion d\u2019approcher la for\u00eat avec un nouvel \u0153il en alliant le sensible, gr\u00e2ce au corps, et l\u2019espace, encourag\u00e9 par l\u2019environnement. <br \/>La prestation du 18 juin a \u00e9t\u00e9 l\u2019occasion pour ces jeunes de cl\u00f4turer cette exp\u00e9rience en pr\u00e9sentant le long du GR 39 plusieurs ateliers.<\/p><p>Accroch\u00e9s dans les arbres ce spectacle est le t\u00e9moignage de leur exp\u00e9rience sensible.<\/p><p>\u00a0<\/p>\t\t\t\t\t\t<\/div>\n\t\t\t\t<\/div>\n\t\t\t\t\t<\/div>\n\t\t<\/div>\n\t\t\t\t<div class=\"elementor-column elementor-col-50 elementor-top-column elementor-element elementor-element-af3ffa5\" data-id=\"af3ffa5\" data-element_type=\"column\">\n\t\t\t<div class=\"elementor-widget-wrap elementor-element-populated\">\n\t\t\t\t\t\t\t\t<div class=\"elementor-element elementor-element-2976c75 elementor-widget elementor-widget-image\" data-id=\"2976c75\" data-element_type=\"widget\" data-widget_type=\"image.default\">\n\t\t\t\t<div class=\"elementor-widget-container\">\n\t\t\t\t\t\t\t\t\t\t\t\t\t\t\t<img src=\"https:\/\/appeldelaforet.bzh\/wp-content\/uploads\/2022\/06\/287103190_10216023641102818_5221810802781167498_n.jpg\" title=\"287103190_10216023641102818_5221810802781167498_n\" alt=\"287103190_10216023641102818_5221810802781167498_n\" \/>\t\t\t\t\t\t\t\t\t\t\t\t\t\t\t<\/div>\n\t\t\t\t<\/div>\n\t\t\t\t\t<\/div>\n\t\t<\/div>\n\t\t\t\t\t\t\t<\/div>\n\t\t<\/section>\n\t\t\t\t\t\t<\/div>\n\t\t\t\t\t<\/div>\n\t\t","protected":false},"excerpt":{"rendered":"<p>Festival Nuits des for\u00eats https:\/\/www.youtube.com\/watch?v=dwXjXjBm0mo Samedi 18 juin 2022Parcours artistique &#8220;Les petits monstres&#8221; Avec la participation des stagiaires dans le cadre du programme PRISME (organisme de formation de Rennes) Les jeunes de 16 \u00e0 25 ans ont eu la possibilit\u00e9 pendant 4 mois de d\u00e9couvrir et d\u2019exp\u00e9rimenter la grimpe d\u2019arbre d\u2019une mani\u00e8re sensible avec l\u2019appui [&hellip;]<\/p>\n","protected":false},"author":1,"featured_media":0,"parent":0,"menu_order":0,"comment_status":"closed","ping_status":"closed","template":"elementor_header_footer","meta":[],"yoast_head":"<!-- This site is optimized with the Yoast SEO plugin v17.3 - https:\/\/yoast.com\/wordpress\/plugins\/seo\/ -->\n<title>\u00c9v\u00e8nements - L&#039;APPEL DE LA FOR\u00caT<\/title>\n<meta name=\"robots\" content=\"index, follow, max-snippet:-1, max-image-preview:large, max-video-preview:-1\" \/>\n<link rel=\"canonical\" href=\"https:\/\/appeldelaforet.bzh\/index.php\/evenements\/\" \/>\n<meta property=\"og:locale\" content=\"en_US\" \/>\n<meta property=\"og:type\" content=\"article\" \/>\n<meta property=\"og:title\" content=\"\u00c9v\u00e8nements - L&#039;APPEL DE LA FOR\u00caT\" \/>\n<meta property=\"og:description\" content=\"Festival Nuits des for\u00eats https:\/\/www.youtube.com\/watch?v=dwXjXjBm0mo Samedi 18 juin 2022Parcours artistique &#8220;Les petits monstres&#8221; Avec la participation des stagiaires dans le cadre du programme PRISME (organisme de formation de Rennes) Les jeunes de 16 \u00e0 25 ans ont eu la possibilit\u00e9 pendant 4 mois de d\u00e9couvrir et d\u2019exp\u00e9rimenter la grimpe d\u2019arbre d\u2019une mani\u00e8re sensible avec l\u2019appui [&hellip;]\" \/>\n<meta property=\"og:url\" content=\"https:\/\/appeldelaforet.bzh\/index.php\/evenements\/\" \/>\n<meta property=\"og:site_name\" content=\"L&#039;APPEL DE LA FOR\u00caT\" \/>\n<meta property=\"article:modified_time\" content=\"2023-06-27T09:27:31+00:00\" \/>\n<meta property=\"og:image\" content=\"http:\/\/appeldelaforet.bzh\/wp-content\/uploads\/elementor\/thumbs\/287103190_10216023641102818_5221810802781167498_n-pq46e6hsa9u41t9ge57t14njlwfz3muwwwpmfewyfs.jpg\" \/>\n<meta name=\"twitter:card\" content=\"summary_large_image\" \/>\n<meta name=\"twitter:label1\" content=\"Est. reading time\" \/>\n\t<meta name=\"twitter:data1\" content=\"1 minute\" \/>\n<script type=\"application\/ld+json\" class=\"yoast-schema-graph\">{\"@context\":\"https:\/\/schema.org\",\"@graph\":[{\"@type\":\"WebSite\",\"@id\":\"https:\/\/appeldelaforet.bzh\/#website\",\"url\":\"https:\/\/appeldelaforet.bzh\/\",\"name\":\"L&#039;APPEL DE LA FOR\\u00caT\",\"description\":\"\",\"potentialAction\":[{\"@type\":\"SearchAction\",\"target\":{\"@type\":\"EntryPoint\",\"urlTemplate\":\"https:\/\/appeldelaforet.bzh\/?s={search_term_string}\"},\"query-input\":\"required name=search_term_string\"}],\"inLanguage\":\"en-US\"},{\"@type\":\"ImageObject\",\"@id\":\"https:\/\/appeldelaforet.bzh\/index.php\/evenements\/#primaryimage\",\"inLanguage\":\"en-US\",\"url\":\"http:\/\/appeldelaforet.bzh\/wp-content\/uploads\/elementor\/thumbs\/287103190_10216023641102818_5221810802781167498_n-pq46e6hsa9u41t9ge57t14njlwfz3muwwwpmfewyfs.jpg\",\"contentUrl\":\"http:\/\/appeldelaforet.bzh\/wp-content\/uploads\/elementor\/thumbs\/287103190_10216023641102818_5221810802781167498_n-pq46e6hsa9u41t9ge57t14njlwfz3muwwwpmfewyfs.jpg\"},{\"@type\":\"WebPage\",\"@id\":\"https:\/\/appeldelaforet.bzh\/index.php\/evenements\/#webpage\",\"url\":\"https:\/\/appeldelaforet.bzh\/index.php\/evenements\/\",\"name\":\"\\u00c9v\\u00e8nements - L&#039;APPEL DE LA FOR\\u00caT\",\"isPartOf\":{\"@id\":\"https:\/\/appeldelaforet.bzh\/#website\"},\"primaryImageOfPage\":{\"@id\":\"https:\/\/appeldelaforet.bzh\/index.php\/evenements\/#primaryimage\"},\"datePublished\":\"2022-03-02T15:03:40+00:00\",\"dateModified\":\"2023-06-27T09:27:31+00:00\",\"breadcrumb\":{\"@id\":\"https:\/\/appeldelaforet.bzh\/index.php\/evenements\/#breadcrumb\"},\"inLanguage\":\"en-US\",\"potentialAction\":[{\"@type\":\"ReadAction\",\"target\":[\"https:\/\/appeldelaforet.bzh\/index.php\/evenements\/\"]}]},{\"@type\":\"BreadcrumbList\",\"@id\":\"https:\/\/appeldelaforet.bzh\/index.php\/evenements\/#breadcrumb\",\"itemListElement\":[{\"@type\":\"ListItem\",\"position\":1,\"name\":\"Accueil\",\"item\":\"https:\/\/appeldelaforet.bzh\/\"},{\"@type\":\"ListItem\",\"position\":2,\"name\":\"\\u00c9v\\u00e8nements\"}]}]}<\/script>\n<!-- \/ Yoast SEO plugin. -->","yoast_head_json":{"title":"\u00c9v\u00e8nements - L&#039;APPEL DE LA FOR\u00caT","robots":{"index":"index","follow":"follow","max-snippet":"max-snippet:-1","max-image-preview":"max-image-preview:large","max-video-preview":"max-video-preview:-1"},"canonical":"https:\/\/appeldelaforet.bzh\/index.php\/evenements\/","og_locale":"en_US","og_type":"article","og_title":"\u00c9v\u00e8nements - L&#039;APPEL DE LA FOR\u00caT","og_description":"Festival Nuits des for\u00eats https:\/\/www.youtube.com\/watch?v=dwXjXjBm0mo Samedi 18 juin 2022Parcours artistique &#8220;Les petits monstres&#8221; Avec la participation des stagiaires dans le cadre du programme PRISME (organisme de formation de Rennes) Les jeunes de 16 \u00e0 25 ans ont eu la possibilit\u00e9 pendant 4 mois de d\u00e9couvrir et d\u2019exp\u00e9rimenter la grimpe d\u2019arbre d\u2019une mani\u00e8re sensible avec l\u2019appui [&hellip;]","og_url":"https:\/\/appeldelaforet.bzh\/index.php\/evenements\/","og_site_name":"L&#039;APPEL DE LA FOR\u00caT","article_modified_time":"2023-06-27T09:27:31+00:00","og_image":[{"url":"http:\/\/appeldelaforet.bzh\/wp-content\/uploads\/elementor\/thumbs\/287103190_10216023641102818_5221810802781167498_n-pq46e6hsa9u41t9ge57t14njlwfz3muwwwpmfewyfs.jpg"}],"twitter_card":"summary_large_image","twitter_misc":{"Est. reading time":"1 minute"},"schema":{"@context":"https:\/\/schema.org","@graph":[{"@type":"WebSite","@id":"https:\/\/appeldelaforet.bzh\/#website","url":"https:\/\/appeldelaforet.bzh\/","name":"L&#039;APPEL DE LA FOR\u00caT","description":"","potentialAction":[{"@type":"SearchAction","target":{"@type":"EntryPoint","urlTemplate":"https:\/\/appeldelaforet.bzh\/?s={search_term_string}"},"query-input":"required name=search_term_string"}],"inLanguage":"en-US"},{"@type":"ImageObject","@id":"https:\/\/appeldelaforet.bzh\/index.php\/evenements\/#primaryimage","inLanguage":"en-US","url":"http:\/\/appeldelaforet.bzh\/wp-content\/uploads\/elementor\/thumbs\/287103190_10216023641102818_5221810802781167498_n-pq46e6hsa9u41t9ge57t14njlwfz3muwwwpmfewyfs.jpg","contentUrl":"http:\/\/appeldelaforet.bzh\/wp-content\/uploads\/elementor\/thumbs\/287103190_10216023641102818_5221810802781167498_n-pq46e6hsa9u41t9ge57t14njlwfz3muwwwpmfewyfs.jpg"},{"@type":"WebPage","@id":"https:\/\/appeldelaforet.bzh\/index.php\/evenements\/#webpage","url":"https:\/\/appeldelaforet.bzh\/index.php\/evenements\/","name":"\u00c9v\u00e8nements - L&#039;APPEL DE LA FOR\u00caT","isPartOf":{"@id":"https:\/\/appeldelaforet.bzh\/#website"},"primaryImageOfPage":{"@id":"https:\/\/appeldelaforet.bzh\/index.php\/evenements\/#primaryimage"},"datePublished":"2022-03-02T15:03:40+00:00","dateModified":"2023-06-27T09:27:31+00:00","breadcrumb":{"@id":"https:\/\/appeldelaforet.bzh\/index.php\/evenements\/#breadcrumb"},"inLanguage":"en-US","potentialAction":[{"@type":"ReadAction","target":["https:\/\/appeldelaforet.bzh\/index.php\/evenements\/"]}]},{"@type":"BreadcrumbList","@id":"https:\/\/appeldelaforet.bzh\/index.php\/evenements\/#breadcrumb","itemListElement":[{"@type":"ListItem","position":1,"name":"Accueil","item":"https:\/\/appeldelaforet.bzh\/"},{"@type":"ListItem","position":2,"name":"\u00c9v\u00e8nements"}]}]}},"_links":{"self":[{"href":"https:\/\/appeldelaforet.bzh\/index.php\/wp-json\/wp\/v2\/pages\/604"}],"collection":[{"href":"https:\/\/appeldelaforet.bzh\/index.php\/wp-json\/wp\/v2\/pages"}],"about":[{"href":"https:\/\/appeldelaforet.bzh\/index.php\/wp-json\/wp\/v2\/types\/page"}],"author":[{"embeddable":true,"href":"https:\/\/appeldelaforet.bzh\/index.php\/wp-json\/wp\/v2\/users\/1"}],"replies":[{"embeddable":true,"href":"https:\/\/appeldelaforet.bzh\/index.php\/wp-json\/wp\/v2\/comments?post=604"}],"version-history":[{"count":10,"href":"https:\/\/appeldelaforet.bzh\/index.php\/wp-json\/wp\/v2\/pages\/604\/revisions"}],"predecessor-version":[{"id":1623,"href":"https:\/\/appeldelaforet.bzh\/index.php\/wp-json\/wp\/v2\/pages\/604\/revisions\/1623"}],"wp:attachment":[{"href":"https:\/\/appeldelaforet.bzh\/index.php\/wp-json\/wp\/v2\/media?parent=604"}],"curies":[{"name":"wp","href":"https:\/\/api.w.org\/{rel}","templated":true}]}}