{"version":"1.0","provider_name":"L&#039;APPEL DE LA FOR\u00caT","provider_url":"https:\/\/appeldelaforet.bzh","author_name":"appeldelaforet","author_url":"https:\/\/appeldelaforet.bzh\/index.php\/author\/appeldelaforet\/","title":"Formations et s\u00e9minaires - L&#039;APPEL DE LA FOR\u00caT","type":"rich","width":600,"height":338,"html":"<blockquote class=\"wp-embedded-content\"><a href=\"https:\/\/appeldelaforet.bzh\/index.php\/ateliers-et-formations\/\">Formations et s\u00e9minaires<\/a><\/blockquote>\n<script type='text\/javascript'>\n<!--\/\/--><![CDATA[\/\/><!--\n\t\t\/*! This file is auto-generated *\/\n\t\t!function(d,l){\"use strict\";var e=!1,n=!1;if(l.querySelector)if(d.addEventListener)e=!0;if(d.wp=d.wp||{},!d.wp.receiveEmbedMessage)if(d.wp.receiveEmbedMessage=function(e){var t=e.data;if(t)if(t.secret||t.message||t.value)if(!\/[^a-zA-Z0-9]\/.test(t.secret)){for(var r,i,a,s=l.querySelectorAll('iframe[data-secret=\"'+t.secret+'\"]'),n=l.querySelectorAll('blockquote[data-secret=\"'+t.secret+'\"]'),o=new RegExp(\"^https?:$\",\"i\"),c=0;c<n.length;c++)n[c].style.display=\"none\";for(c=0;c<s.length;c++)if(r=s[c],e.source===r.contentWindow){if(r.removeAttribute(\"style\"),\"height\"===t.message){if(1e3<(a=parseInt(t.value,10)))a=1e3;else if(~~a<200)a=200;r.height=a}if(\"link\"===t.message)if(i=l.createElement(\"a\"),a=l.createElement(\"a\"),i.href=r.getAttribute(\"src\"),a.href=t.value,o.test(a.protocol))if(a.host===i.host)if(l.activeElement===r)d.top.location.href=t.value}}},e)d.addEventListener(\"message\",d.wp.receiveEmbedMessage,!1),l.addEventListener(\"DOMContentLoaded\",t,!1),d.addEventListener(\"load\",t,!1);function t(){if(!n){n=!0;for(var e,t,r=-1!==navigator.appVersion.indexOf(\"MSIE 10\"),i=!!navigator.userAgent.match(\/Trident.*rv:11\\.\/),a=l.querySelectorAll(\"iframe.wp-embedded-content\"),s=0;s<a.length;s++){if(!(e=a[s]).getAttribute(\"data-secret\"))t=Math.random().toString(36).substr(2,10),e.src+=\"#?secret=\"+t,e.setAttribute(\"data-secret\",t);if(r||i)(t=e.cloneNode(!0)).removeAttribute(\"security\"),e.parentNode.replaceChild(t,e)}}}}(window,document);\n\/\/--><!]]>\n<\/script><iframe sandbox=\"allow-scripts\" security=\"restricted\" src=\"https:\/\/appeldelaforet.bzh\/index.php\/ateliers-et-formations\/embed\/\" width=\"600\" height=\"338\" title=\"&#8220;Formations et s\u00e9minaires&#8221; &#8212; L&#039;APPEL DE LA FOR\u00caT\" frameborder=\"0\" marginwidth=\"0\" marginheight=\"0\" scrolling=\"no\" class=\"wp-embedded-content\"><\/iframe>","description":"Formations et s\u00e9minaires Les formations et s\u00e9minaires sont en cours d&#8217;imagination pour 2024 &#8230; Menu Recherche-action &#8211; l&#8217;appel de la for\u00eat\u00a0 \u00a0 Nos formations\u00a0 \u00a0 \u00a0 Recherche-action &#8211; l&#8217;appel de la for\u00eat Qu&#8217;est ce qu&#8217;une recherche-action ? Afin de prendre du recul sur les projets de l\u2019association L\u00e0-Haut, une recherche-action est mise en place. L&#8217;id\u00e9e [&hellip;]","thumbnail_url":"http:\/\/appeldelaforet.bzh\/wp-content\/uploads\/elementor\/thumbs\/P1280110-copie-scaled-pmym62i0t7f7uz201qz5h52v7hyw02gyre8m2xvp7i.jpg"}

L&#039;APPEL DE LA FORÊT

Formations et séminaires - L&#039;APPEL DE LA FORÊT

<blockquote class="wp-embedded-content"><a href="https://appeldelaforet.bzh/index.php/ateliers-et-formations/">Formations et séminaires</a></blockquote>
<script type='text/javascript'>
<!--//--><![CDATA[//><!--
		/*! This file is auto-generated */
		!function(d,l){"use strict";var e=!1,n=!1;if(l.querySelector)if(d.addEventListener)e=!0;if(d.wp=d.wp||{},!d.wp.receiveEmbedMessage)if(d.wp.receiveEmbedMessage=function(e){var t=e.data;if(t)if(t.secret||t.message||t.value)if(!/[^a-zA-Z0-9]/.test(t.secret)){for(var r,i,a,s=l.querySelectorAll('iframe[data-secret="'+t.secret+'"]'),n=l.querySelectorAll('blockquote[data-secret="'+t.secret+'"]'),o=new RegExp("^https?:$","i"),c=0;c<n.length;c++)n[c].style.display="none";for(c=0;c<s.length;c++)if(r=s[c],e.source===r.contentWindow){if(r.removeAttribute("style"),"height"===t.message){if(1e3<(a=parseInt(t.value,10)))a=1e3;else if(~~a<200)a=200;r.height=a}if("link"===t.message)if(i=l.createElement("a"),a=l.createElement("a"),i.href=r.getAttribute("src"),a.href=t.value,o.test(a.protocol))if(a.host===i.host)if(l.activeElement===r)d.top.location.href=t.value}}},e)d.addEventListener("message",d.wp.receiveEmbedMessage,!1),l.addEventListener("DOMContentLoaded",t,!1),d.addEventListener("load",t,!1);function t(){if(!n){n=!0;for(var e,t,r=-1!==navigator.appVersion.indexOf("MSIE 10"),i=!!navigator.userAgent.match(/Trident.*rv:11\./),a=l.querySelectorAll("iframe.wp-embedded-content"),s=0;s<a.length;s++){if(!(e=a[s]).getAttribute("data-secret"))t=Math.random().toString(36).substr(2,10),e.src+="#?secret="+t,e.setAttribute("data-secret",t);if(r||i)(t=e.cloneNode(!0)).removeAttribute("security"),e.parentNode.replaceChild(t,e)}}}}(window,document);
//--><!]]>
</script><iframe sandbox="allow-scripts" security="restricted" src="https://appeldelaforet.bzh/index.php/ateliers-et-formations/embed/" width="600" height="338" title="&#8220;Formations et séminaires&#8221; &#8212; L&#039;APPEL DE LA FORÊT" frameborder="0" marginwidth="0" marginheight="0" scrolling="no" class="wp-embedded-content"></iframe>

Formations et séminaires Les formations et séminaires sont en cours d&#8217;imagination pour 2024 &#8230; Menu Recherche-action &#8211; l&#8217;appel de la forêt    Nos formations      Recherche-action &#8211; l&#8217;appel de la forêt Qu&#8217;est ce qu&#8217;une recherche-action ? Afin de prendre du recul sur les projets de l’association Là-Haut, une recherche-action est mise en place. L&#8217;idée [&hellip;]
